se 2, what is 1101101111101011 - 10001101001?
1101011110000010
In base 13, what is -159c30c - b?
-159c31a
In base 13, what is 0 - b61b8?
-b61b8
In base 3, what is -20212202 + 1102220?
-12102212
In base 12, what is 1a + 8a2aba?
8a2b18
In base 16, what is 3 - b41a3c?
-b41a39
In base 13, what is -82 - 79c2b?
-79cb0
In base 3, what is 1110 - -120200121101?
120200122211
In base 5, what is 233324 - 1323?
232001
In base 8, what is 71203423 - 3?
71203420
In base 3, what is -200100102000021011 + 12?
-200100102000020222
In base 2, what is 1100 + -1001111000100000010100?
-1001111000100000001000
In base 7, what is -50125160 - -106?
-50125051
In base 5, what is 413112113 + 23?
413112141
In base 9, what is 5 - -431682513?
431682518
In base 12, what is -25 + -1448538?
-1448561
In base 6, what is -45134114 + -4?
-45134122
In base 8, what is 21773 - 1351?
20422
In base 5, what is 2400 - -422234023?
422241423
In base 6, what is 3503344 - -20?
3503404
In base 11, what is 6 + 216931a2?
216931a8
In base 11, what is 31089963 - -19?
31089981
In base 4, what is -3103020332 + 21?
-3103020311
In base 14, what is -36d910 - 21?
-36d931
In base 12, what is 11256733 + -5?
1125672a
In base 7, what is 122 - 514403?
-514251
In base 15, what is 41 + -33e03?
-33db2
In base 10, what is -2 - 110533697?
-110533699
In base 15, what is -4d + -19e55b?
-19e5a9
In base 4, what is 202 - 1121031000?
-1121030132
In base 4, what is -3 + 211111000032?
211111000023
In base 9, what is -330674707 - 5?
-330674713
In base 12, what is 116239 - -40?
116279
In base 15, what is -6743da + -9?
-6743e4
In base 12, what is 87883 - 7?
87878
In base 7, what is -60404046 + 5?
-60404041
In base 11, what is -18 + -148050?
-148068
In base 14, what is -43159 + -21?
-4317a
In base 3, what is 111001002011112 - -10?
111001002011122
In base 15, what is 255648a1 + -3?
2556489d
In base 14, what is 3bca + -5ba?
3610
In base 7, what is 6 - -5136135255?
5136135264
In base 9, what is 1324 - 2753?
-1428
In base 13, what is -34b8 - 132b?
-4816
In base 16, what is -e3 - ebc5?
-eca8
In base 8, what is -2321 + -1114?
-3435
In base 6, what is 2153 + -24231022?
-24224425
In base 16, what is -4a761 - -b?
-4a756
In base 7, what is 15446 - 2114?
13332
In base 3, what is -10011 + -1020110210200?
-1020110220211
In base 13, what is 12 + -1196485?
-1196473
In base 13, what is -220 - 98762?
-98982
In base 10, what is -44069337 - 3?
-44069340
In base 12, what is -17511 + -478?
-17989
In base 5, what is 3241310311 + -14?
3241310242
In base 11, what is -14041a + -307?
-140726
In base 9, what is -1046 - 533866?
-535023
In base 11, what is -427a4 + 44?
-42760
In base 2, what is -1101 - -11110010011111?
11110010010010
In base 7, what is -432426 + 23?
-432403
In base 3, what is -12222110001 + 22221?
-12222010010
In base 10, what is 2483884 + 259?
2484143
In base 3, what is -10120102 + -211211?
-11102020
In base 16, what is -13febf1 + 0?
-13febf1
In base 5, what is 4 - -2303134203?
2303134212
In base 4, what is -11013003132010 + -13?
-11013003132023
In base 15, what is 4832 + -116?
471b
In base 2, what is 1101001100110100 + 1010010010?
1101010111000110
In base 7, what is 23166623 + 23?
23166646
In base 2, what is 10000100111101011010 + 11101?
10000100111101110111
In base 11, what is -285938a + 4?
-2859386
In base 2, what is 1111011 + 11000001000110110010?
11000001001000101101
In base 7, what is -5 + -431324552?
-431324560
In base 9, what is 7335 - 364?
6861
In base 12, what is 2b5245 + -1a4?
2b5061
In base 6, what is 33301 - 12210?
21051
In base 6, what is -2 - 321535415?
-321535421
In base 8, what is -646 - 6403560?
-6404426
In base 6, what is 3552324 + -215?
3552105
In base 16, what is -853c3 - 1a?
-853dd
In base 2, what is -1101111010100010 - 1000101?
-1101111011100111
In base 4, what is 21101 - 1033022101?
-1033001000
In base 13, what is -13a5c7 + 70?
-13a557
In base 13, what is 375 + -1c447?
-1c0a2
In base 11, what is -127727381 - 2?
-127727383
In base 5, what is -1032033112 - 14?
-1032033131
In base 2, what is 0 - 1100111100111101010100010100?
-1100111100111101010100010100
In base 13, what is 28239553 + -2?
28239551
In base 16, what is -713b27 - 1?
-713b28
In base 14, what is 1b0a - -2594?
42a0
In base 11, what is -902926281 - 3?
-902926284
In base 10, what is -990415 - -15?
-990400
In base 16, what is 19e + -6b?
133
In base 9, what is -2 + -55067867?
-55067870
In base 13, what is 94 - 903b?
-8c77
In base 2, what is 1101000110 - -10001100111000110?
10001110100001100
In base 14, what is -2a6 + -1da704?
-1da9aa
In base 2, what is 1010100100110111 + -110011?
1010100100000100
In base 15, what is -5acc - -549b?
-631
In base 2, what is 1 + -110101001110011111000011?
-110101001110011111000010
In base 3, what is -100201 + -1121021012?
-1121121220
In base 16, what is -9 + 1071233?
107122a
In base 11, what is 2 - 5a69085?
-5a69083
In base 3, what is -22101110002221 - -11?
-22101110002210
In base 7, what is -152141004 - 5?
-152141012
In base 4, what is 113 + -11122310012?
-11122303233
In base 9, what is -141 + 62862?
62721
In base 12, what is -5 + 10558b5?
10558b0
In base 11, what is 4a9834 - 10?
4a9824
In base 2, what is 11001111001 + -11111100100010101?
-11111001010011100
In base 7, what is -1316504264 - 5?
-1316504302
In base 16, what is 5c627 + 6?
5c62d
In base 6, what is -125312 - -12114?
-113154
In base 8, what is -66212 - -1161?
-65031
In base 9, what is 2 + 51534730?
51534732
In base 9, what is -1160 - -735643?
734473
In base 6, what is -4 - 42445003?
-42445011
In base 3, what is 112221011 - -220010?
120211021
In base 7, what is 15 + -35166531?
-35166513
In base 16, what is f39788 - 2?
f39786
In base 11, what is -1a6 - 527519?
-527714
In base 13, what is 1 - 3028ab4a?
-3028ab49
In base 11, what is -5 + 1800a954?
1800a94a
In base 13, what is a5 - -b789?
b861
In base 7, what is 4 - 52560501?
-52560464
In base 6, what is -2205 - -12532144?
12525535
In base 5, what is 214102 - 202314?
11233
In base 13, what is 3 + 4893021?
4893024
In base 6, what is 115 - -5450434?
5450553
In base 7, what is -340145 - -5355?
-331460
In base 7, what is -11 - -613265034?
613265023
In base 5, what is 1413 - -440220410?
440222323
In base 8, what is -5215444 - 26?
-5215472
In base 11, what is -385a146 + 4?
-385a142
In base 2, what is -1110000101010101001011000001 - 10?
-1110000101010101001011000011
In base 5, what is -304124314 + 3304?
-304121010
In base 13, what is 2a7b6a - -6?
2a7b73
In base 6, what is -13 + 153500430?
153500413
In base 5, what is -120133212140 - 1?
-120133212141
In base 7, what is 44 + 223463?
223540
In base 14, what is 490 + -9474?
-8dc4
In base 12, what is 2 + a37bab?
a37bb1
In base 8, what is 135563 - -164?
135747
In base 10, what is -299184898 + 3?
-299184895
In base 6, what is -131201022005 + -2?
-131201022011
In base 7, what is -650 - -40601340?
40600360
In base 6, what is -531 + -34030322?
-34031253
In base 8, what is -10326 + -417174?
-427522
In base 13, what is c111320 + 9?
c111329
In base 11, what is -1272a5 - 49?
-127343
In base 12, what is -460 + 43638b?
435b2b
In base 12, what is a750 + 1031?
b781
In base 14, what is 206c900 + -3?
206c8db
In base 16, what is 1dcf399 - -3?
1dcf39c
In base 9, what is -56 + 2088880?
2088823
In base 6, what is 3 + -215423242?
-215423235
In base 11, what is 13 + 5508686?
5508699
In base 5, what is 3321300421 - -340?
3321301311
In base 10, what is 277 + 552?
829
In base 8, what is -52007 - -1620?
-50167
In base 15, what is 248 - -443bd?
44616
In base 10, what is -432981 - 46?
-433027
In base 13, what is -12 + 7c4293?
7c4281
In base 3, what is 2111022212101 - 112022?
2111022100002
In base 2, what is 1100010111011001 - 111110010?
1100001111100111
In base 4, what is -112 - 20130130233?
-20130131011
In base 11, what is 60558 + -75?
60493
In base 9, what is 45474562 + 1?
45474563
In base 4, what is 111102202 + -223102?
110213100
In base 15, what is -779 - 90c?
-1186
In base 14, what is -10127b + -330?
-1015ab
In base 15, what is -1d0 + 19009?
18d29
In base 7, what is 22101202230 - -1?
22101202231
In base 4, what is 32300113331 - -21?
32300120012
In base 8, what is 146211263 - -20?
146211303
In base 10, what is 0 - 12244089?
-12244089
In base 14, what is 1cb6 - 45b0?
-26d8
In base 13, what is b4 + 73c5?
74